25.
375
Calculate the greatest common factor of 32 and 617072.
16
Calculate the highest common divisor of 7 and 18781.
7
What is the highest common factor of 45864 and 196?
196
Calculate the greatest common factor of 214 and 79822.
214
What is the greatest common divisor of 18 and 77301?
9
Calculate the highest common divisor of 19 and 651719.
19
Calculate the highest common factor of 79348 and 717.
239
Calculate the greatest common factor of 4 and 39381.
1
Calculate the greatest common divisor of 9234 and 3192.
114
Calculate the greatest common factor of 810 and 157302.
162
What is the greatest common divisor of 2912 and 57344?
224
What is the highest common divisor of 688 and 1376?
688
Calculate the highest common divisor of 2714 and 48498.
118
What is the highest common factor of 1034 and 1786?
94
Calculate the greatest common divisor of 10 and 1826560.
10
Calculate the greatest common factor of 540 and 40000.
20
What is the greatest common factor of 456 and 969?
57
Calculate the highest common factor of 142416 and 1584.
144
What is the greatest common factor of 117 and 19487?
13
What is the highest common divisor of 200 and 2525?
25
What is the greatest common factor of 106254 and 36?
18
Calculate the greatest common factor of 5767 and 79.
79
What is the highest common divisor of 12 and 1304?
4
Calculate the greatest common divisor of 4 and 15928.
4
Calculate the greatest common factor of 13113 and 564.
141
Calculate the greatest common factor of 4900 and 2240.
140
What is the highest common factor of 26 and 2326?
2
What is the highest common factor of 3654 and 228564?
126
Calculate the greatest common factor of 86 and 373369.
43
Calculate the greatest common factor of 330 and 604950.
30
Calculate the greatest common factor of 1845071 and 807.
269
What is the highest common divisor of 27832 and 280?
56
Calculate the greatest common divisor of 12871 and 3416.
61
What is the highest common factor of 209 and 19888?
11
Calculate the greatest common factor of 20519 and 867.
289
What is the greatest common factor of 20 and 140550?
10
Calculate the greatest common divisor of 5133 and 29.
29
What is the greatest common divisor of 800 and 30920?
40
What is the highest common factor of 30960 and 27?
9
What is the highest common factor of 2224 and 87014?
278
What is the highest common factor of 639 and 287763?
213
What is the highest common divisor of 540 and 97632?
108
What is the greatest common divisor of 160 and 192580?
20
Calculate the highest common factor of 858 and 19294.
22
Calculate the highest common factor of 74925 and 3600.
225
What is the highest common factor of 200046 and 4158?
462
Calculate the greatest common divisor of 22230 and 709020.
1170
Calculate the greatest common divisor of 1438 and 3989731.
719
Calculate the highest common factor of 16828 and 203138.
1202
Calculate the highest common divisor of 504 and 473886.
126
What is the greatest common divisor of 2208840 and 36?
12
What is the greatest common divisor of 24603 and 708?
177
What is the greatest common divisor of 630630 and 84?
42
What is the greatest common factor of 330 and 4259310?
330
Calculate the highest common divisor of 465 and 425010.
465
Calculate the highest common divisor of 77718 and 75.
3
Calculate the highest common factor of 10195 and 35.
5
What is the highest common factor of 796 and 79003?
199
What is the greatest common divisor of 429 and 3102?
33
Calculate the greatest common divisor of 337988 and 42.
14
What is the highest common divisor of 20223 and 2079?
189
Calculate the greatest common divisor of 227 and 453319.
227
Calculate the greatest common divisor of 430 and 36077.
43
Calculate the highest common factor of 171 and 99.
9
What is the highest common divisor of 1219 and 8625?
23
What is the highest common factor of 7503104 and 474?
158
What is the greatest common factor of 95424 and 504?
168
Calculate the greatest common divisor of 316 and 22199.
79
Calculate the greatest common factor of 239560 and 113.
113
Calculate the greatest common divisor of 464028 and 12.
12
What is the greatest common factor of 111 and 84027?
111
What is the highest common divisor of 12 and 232860?
12
What is the greatest common divisor of 138213 and 72?
9
Calculate the highest common factor of 6915 and 33.
3
What is the greatest common factor of 117 and 82080?
9
Calculate the highest common factor of 2338 and 2217593.
1169
Calculate the highest common factor of 67729 and 356.
89
Calculate the highest common factor of 6784 and 1537.
53
What is the highest common factor of 82 and 122713?
41
What is the greatest common divisor of 115234 and 14?
14
What is the greatest common divisor of 270 and 133170?
30
What is the greatest common factor of 80 and 219424?
16
What is the greatest common divisor of 118 and 21?
1
Calculate the highest common divisor of 5450 and 2900.
50
Calculate the highest common divisor of 4554558 and 1203.
1203
Calculate the greatest common factor of 3354 and 5850.
78
What is the highest common factor of 4116 and 12?
12
What is the highest common divisor of 8587430 and 19?
19
What is the greatest common factor of 188415 and 5135?
395
What is the highest common factor of 35 and 213955?
35
Calculate the greatest common divisor of 832500 and 720.
180
What is the greatest common factor of 35690666 and 181?
181
Calculate the highest common factor of 434654 and 2530.
506
What is the greatest common divisor of 4896 and 192?
96
Calculate the greatest common factor of 50 and 10066.
2
Calculate the greatest common divisor of 73475 and 2525.
25
What is the greatest common divisor of 127440 and 10320?
240
What is the highest common factor of 65780 and 910?
130
What is the highest common factor of 1507693 and 451?
451
What is the greatest common factor of 196 and 98756?
28
What is the highest common factor of 3528 and 200088?
504
What is the greatest common factor of 80 and 16075?
5
What is the greatest common factor of 34002 and 36?
18
Calculate the greatest common factor of 4856 and 56.
8
What is the highest common factor of 115826 and 290?
58
What is the highest common factor of 423 and 167931?
423
What is the highest common factor of 87244 and 1734?
34
Calculate the greatest common factor of 1610 and 1990.
10
Calculate the highest common factor of 24465 and 1665.
15
Calculate the greatest common factor of 22 and 182930.
22
Calculate the highest common factor of 2425 and 109998.
97
What is the highest common divisor of 24459 and 744?
93
What is the highest common divisor of 582 and 60431?
97
Calculate the highest common factor of 77724 and 1080.
36
What is the greatest common factor of 122587 and 85?
17
What is the greatest common factor of 44654 and 538?
538
What is the greatest common divisor of 51308 and 508?
508
Calculate the highest common divisor of 72 and 4107906.
18
Calculate the greatest common factor of 168 and 251244.
84
Calculate the highest common factor of 16 and 90630.
2
Calculate the highest common divisor of 8474 and 7359.
223
Calculate the greatest common factor of 9212 and 16497.
47
Calculate the highest common divisor of 9602128 and 1168.
1168
What is the greatest common divisor of 1886 and 736?
46
Calculate the highest common divisor of 13 and 48685.
13
What is the highest common factor of 17 and 2321588?
17
Calculate the greatest common factor of 3 and 19779.
3
What is the highest common divisor of 211 and 1748979?
211
Calculate the greatest common factor of 100160 and 240.
80
What is the highest common divisor of 5568 and 1536?
192
Calculate the highest common divisor of 5575646 and 226.
226
What is the greatest common factor of 13416 and 27768?
312
What is the greatest common divisor of 122 and 566446?
122
Calculate the highest common factor of 18 and 19226.
2
What is the highest common factor of 3037000 and 1000?
1000
What is the greatest common divisor of 23976 and 9176?
296
What is the greatest common divisor of 13635 and 13130?
505
What is the greatest common factor of 416 and 14368?
32
Calculate the highest common divisor of 1978561 and 13.
13
What is the highest common factor of 175672 and 2296?
56
What is the greatest common factor of 10519 and 1413?
157
What is the greatest common factor of 60836 and 9916?
268
Calculate the 